. Let t be z(8). Suppose -y - 130 = t*y. Let o = -3 - y. What is the remainder when o is divided by 8?
7
Let r = -299 + 314. What is the remainder when 75 is divided by r?
0
Let r be 2 + (-2)/((-1)/(-2)*-2). Suppose r*z + z = 5, -5*a = -z - 454. What is the remainder when a is divided by 23?
22
Suppose -203 = -2*z + 5*h, -2*z = 3*z + 3*h - 492. Suppose 0 = -y - 64 + z. What is the remainder when y is divided by 18 + 2/(0 - -2)?
16
Let b = -379 + 472. What is the remainder when 1207 is divided by b?
91
Suppose 2*l + 4*u - 78 = 0, -8*l + 10*l - 75 = -u. Let w = -6 - -17. What is the remainder when l is divided by w?
4
Let m = 0 - 5. Let k be (4 + m)/(1/28). Let n = k + 32. Calculate the remainder when 6 is divided by n.
2
Suppose -204 = -j - 3*y - 195, 5*j = 2*y + 45. What is the remainder when 952 is divided by j?
7
Let a = 51 - 35. Let w = a - 11. Calculate the remainder when w is divided by 4.
1
Suppose 0 = 3*v + 6, 5*c - 472 = -18*v + 19*v. What is the remainder when c is divided by 63?
31
Let r = 125 - 103. Calculate the remainder when 130 is divided by r.
20
Let p(x) = -x**2 + 51*x + 633. Let r = -126 + 214. What is the remainder when r is divided by p(61)?
19
Let s(n) = -17*n + 1. Let t be s(-2). Suppose -29 = -2*m + t. Calculate the remainder when 63 is divided by m.
31
Let z(v) = -v**2 + 29*v + 209. Calculate the remainder when 337 is divided by z(34).
25
Let t(m) = 8*m + 74. What is the remainder when 35 is divided by t(-8)?
5
Suppose s - 29 - 2 = 0. Let d = s - 10. Calculate the remainder when d is divided by ((-3)/(-9))/(2/66).
10
Suppose -510*w + 509*w + 194 = 0. Calculate the remainder when w is divided by 16.
2
Let s(u) = 11*u + 59. Let x be s(-5). Suppose -2*z + 4*b = -x*z + 218, 4*z = -3*b + 411. What is the remainder when z is divided by 37?
25
Suppose -2*a + h = 2*a + 27, -4 = -2*a + 4*h. Let w be (2/a)/((-3)/132). Let q(d) = 2*d + 11. Calculate the remainder when q(w) is divided by 12.
9
Let g(x) = -x**2 + 2*x + 14. Let w be g(6). What is the remainder when (8 - (2 + -1))/(w/(-20)) is divided by 10?
4
Suppose -92*c + 10*c = -27470. Calculate the remainder when c is divided by 42.
41
Suppose -3*c = -o + 19, o = -4*o - 3*c + 113. Calculate the remainder when 42 is divided by o.
20
Let k = -3 + 8. Suppose 4*h = -20, -11 + 36 = k*x - 3*h. Suppose 0 = -q, -2*z + x*q = 3*z - 130. What is the remainder when z is divided by 9?
8
Let t = -20 + 31. Let k(j) be the first derivative of -7*j**2/2 - 20*j + 2. What is the remainder when k(-9) is divided by t?
10
Suppose 61 - 16 = h. Calculate the remainder when h is divided by 8.
5
Let k(d) = d**3 - 3*d**2 - 20*d - 3. Let y be k(6). Let s = 27 - y. Calculate the remainder when s is divided by 15.
12
Suppose -7*a + 10 = -18. Calculate the remainder when -2*-11*(a + -3) is divided by 12.
10
Let k(r) = 110*r + 778. Calculate the remainder when 301 is divided by k(-7).
5
Suppose 4*a = -a + 25. Let x be (-22)/66 - 98/(-6). Suppose 3*r - a = x. Calculate the remainder when 12 is divided by r.
5
Let z(f) be the first derivative of 2*f**3/3 - 3*f**2 - 5*f + 1. Let i = -150 - -157. Calculate the remainder when z(i) is divided by 26.
25
Let b be 3/(-2 + 20/16). Let u(g) = g**3 + 6*g**2 + g - 6. Let k be u(-6). Calculate the remainder when 6 is divided by (-6)/k - 14/b.
2
Suppose -4*r - 2*x = -56, 13*r + 44 = 17*r + 5*x. What is the remainder when 89 is divided by r?
9
Suppose -1033 + 3039 = 34*q. Calculate the remainder when 200 is divided by q.
23
Suppose 0 = -5*x + 130 - 5. Suppose -4*z + 64 = 4*v - 528, -5*v - 5 = 0. What is the remainder when z is divided by x?
24
Let r(o) = -4*o**3 - 1. Let l be r(-1). Suppose 2*k + 4*d + 8 = 4*k, -l*k + d = -22. Let p(u) = 6*u - 11. Calculate the remainder when p(k) is divided by 20.
17
Suppose -4*s = -o + 28 + 1, 3*s = -2*o + 25. What is the remainder when 237 is divided by o?
16
Suppose 24 - 12 = -3*i, 5*g - 324 = i. Let x = 53 - 31. What is the remainder when g is divided by x?
20
Let m(n) = 3*n**2 + 47*n - 24. Let w be m(-16). Let q = 2 - 7. Let o = q - w. What is the remainder when 8 is divided by o?
2
Let i be 2/(-2)*-1 - 5. Calculate the remainder when 7 + 79 + -11 + 0 + 1 is divided by (-13)/(-2*(-1)/i).
24
Let o = 47 - 86. Suppose -f - 65 = -14*f. Calculate the remainder when o/2*(-4)/6 is divided by f.
3
Calculate the remainder when 7/(-14)*(2 + -6 + -60) is divided by 14.
4
Let n = -12 - -44. Suppose 3*p + 4*b - 16 = p, n = 4*p - 3*b. What is the remainder when 55 is divided by p?
7
Suppose 3*s - 20 = q, -3*s - 3*q + 6 = -s. Let y = -7 - -12. Calculate the remainder when y is divided by ((-44)/66)/((-4)/s).
0
Suppose -593*k = -587*k - 336. What is the remainder when 81 is divided by k?
25
Suppose -3*c - 2*t + 89 = 0, 0 = -0*c - c + 3*t + 48. Calculate the remainder when 328 is divided by c.
31
Suppose 2*l = -2*d + 154, -2*l + 101 = -l - 5*d. Let i = l - 61. What is the remainder when 76 is divided by i?
16
Suppose 2*a = -a. Suppose y + y - 74 = a. Let l = -11 - -24. What is the remainder when y is divided by l?
11
Let k(d) = -d**2 + 18. Let q(b) = -b**3 + 9*b**2 + 9*b + 14. Let z be q(10). Calculate the remainder when k(0) is divided by (-41)/(-4) - 1/z.
8
Let c be 12*((-6)/(-8))/(18/(-12)). Suppose 32 = 2*t + 2. Calculate the remainder when (-1)/c*0 - (0 - 43) is divided by t.
13
Suppose 0 = 24*k - 17*k - 539. Calculate the remainder when k is divided by 17.
9
Suppose -3*s = -2*v - 182, 2*s + 7*v = 5*v + 128. Let l(x) = 2*x**3 - 3*x**2 - x - 2. Calculate the remainder when s is divided by l(3).
18
Let v(j) = -j**3 + 9*j**2 + 13*j - 13. Let n be v(9). Suppose 3*w - n = -w. Calculate the remainder when 73 is divided by w.
21
Let v(i) = -10*i + 17. Let j(k) = 21*k - 33. Let z(m) = -6*j(m) - 13*v(m). Calculate the remainder when z(8) is divided by 3.
0
Let j = -243 + 256. What is the remainder when 36 is divided by j?
10
Let q = -652 + 759. Calculate the remainder when 1604 is divided by q.
106
Let r = -373 + 560. Calculate the remainder when r is divided by 38.
35
Suppose -4*s = -2*l - 344, 15*l - 13*l = -4. What is the remainder when 114 is divided by s?
29
Let n(t) = 0*t**3 + 5*t + t**2 + 16 - t**3 - 4*t. What is the remainder when 46 is divided by n(0)?
14
Suppose -13*q + 8*q - 2*i = -20, -2*q = -2*i - 8. Let s = 18 - -28. Let t = -33 + s. What is the remainder when t is divided by q?
1
Let b(l) be the first derivative of -21*l**2/2 - 36*l - 81. Suppose -23 - 13 = -3*q. Calculate the remainder when b(-5) is divided by q.
9
Suppose -y + 0*y + 4 = 0. Suppose -y*x + 81 = -x. What is the remainder when 53 is divided by x?
26
Suppose 5*i - 238 = -t, -4*i + 138 = 5*t - 44. What is the remainder when 1005 is divided by i?
45
What is the remainder when 60 is divided by -2*(-12)/24*(8 + 0)?
4
Let b(j) = -4*j**3 - 5*j**2 + 19*j - 8. Let c(s) = -7*s**3 - 9*s**2 + 37*s - 16. Let a(y) = -5*b(y) + 3*c(y). What is the remainder when a(-7) is divided by 14?
13
Let u(g) = -g**3 + 2*g**2 + 4*g - 1. What is the remainder when 62 is divided by u(-2)?
6
Let k = -1191 + 1241. What is the remainder when 599 is divided by k?
49
Let g be (33/55)/(1/5). Let x = g + 0. Suppose 2*w = x*z + 53, -w + z + 27 = -z. Calculate the remainder when w is divided by 9.
7
Let u = 2369 + -2328. What is the remainder when 177 is divided by u?
13
Let b = -4 + 32. Let p(l) = l**2 - 9*l - 20. Let i be p(11). Suppose i*f = 3*f - 82. Calculate the remainder when f is divided by b.
26
Let q(t) = 1 - 3*t**3 - 10 + 8*t**2 + 9*t + 2*t**3. What is the remainder when q(8) is divided by 13?
11
Let z = 12 - -12. Let w = z - -6. Calculate the remainder when 17 is divided by w/20*10/3.
2
Let w(d) = -4*d + 24. Let t be w(3). Calculate the remainder when t/21 - 15/(-35) is divided by 1.
0
What is the remainder when (-48)/(-144)*2*3 is divided by 1?
0
Let f = 741 + -397. Calculate the remainder when f is divided by 25.
19
Calculate the remainder when (490/(-4))/7*(-18 - -2) is divided by 279.
1
Calculate the remainder when 4/8 + (-6 - (-763)/14) is divided by 25.
24
Let b = 0 + 5. Suppose 0 = 2*w - 5*o - 101, -b*o + 9 + 4 = w. What is the remainder when w is divided by 2*(-4)/(-28) - 1088/(-112)?
8
Suppose -191 = -6*o + 1. Calculate the remainder when 302 is divided by o.
14
Let n(w) = 6*w + 6. Let v be